is -21 - ((-5 - (5 + -14)) + 32 + -41)?
-16
What is -12 + 14 + (-12 - (-30 - -9))?
11
18 - 16 - 14 - -8
-4
Evaluate 2 - (15 + -2 + -1).
-10
Calculate 20 + -14 + (21 - 11).
16
What is the value of 46 + -35 + (-3 - (2 + -5 + 0))?
11
What is (143 - 134) + -3 + -2 + -14?
-10
What is the value of (-6 - -7 - -4) + 5 + -14 + 2?
-2
Evaluate -226 + 254 - (-2 + 39).
-9
Calculate (-2 - (-37 - -63)) + 26.
-2
What is the value of (-1 - -20 - 2) + (490 - 535)?
-28
(-7 - (-24 + 14)) + (-2 - 0) + 6
7
What is 10 + 18 + -7 + -54 + 13 + -11?
-31
What is (-9 - 11) + (5 - 10 - -10)?
-15
-8 - (8 + 1 - 19) - (-13 - 8)
23
What is 12 - 23 - (-2 + (5 - 1 - -1))?
-14
What is (-3 - -2 - (-14 + 16)) + -11?
-14
What is the value of 0 + (-10 - (-1 - 0 - 5)) + 6?
2
What is the value of (-17 - (-3 + 1)) + (-897 - -929)?
17
Evaluate (-28 - -27) + 0 + (-5 - -2) - -21.
17
Evaluate (3 + -8 - -7) + -1 - 11.
-10
What is (12 - 23) + -3 + -2?
-16
What is (1 + (2 - 4) - (-89 + 83)) + -21?
-16
Evaluate 0 + 2 + (-7 + 8 - -10) + -22.
-9
Calculate (8 - 7) + -18 + 4 + -7 + 9.
-11
Evaluate 8 - 11 - (8 - 23).
12
10 - (13 + (9 - 17) + (-6 - 2))
13
-35 - (-13 + 0 - -3) - -7
-18
Evaluate (-1 - 13) + (382 - 353).
15
Evaluate 0 + -4 + 23 + 4 + 1 + 3.
27
21 + -6 + 0 + 4 + -11
8
Evaluate (-4 + -1 - (2 - (-14 + 23))) + 5.
7
What is the value of 12 - 1 - (-29 - (-23 + -43))?
-26
39 + 3 + (-16 - 4)
22
What is -28 - (18 + (13 - 47))?
-12
Calculate -1 - (-9 + (6 + -13 - -6)).
9
15 - -5 - (4 + 0 + 4)
12
10 + -2 - (582 - 595)
21
What is (-17 + 33 - 7) + -35?
-26
Calculate 47 + -7 - 8 - 16.
16
Evaluate (-4 - (5 + -4 + -10)) + -8 + -1.
-4
-13 + 24 - (1 - -2) - (-9 + 37)
-20
Evaluate 10 - 0 - (1 + -2).
11
What is the value of -17 - -25 - (2 - 7)?
13
What is -34 + 15 + (3 - (3 - -3)) + -3?
-25
Evaluate 3 + (54 - 59) + (0 + 1 - 7).
-8
Evaluate (-7 - 0) + (-11 - (-7 + 6 - -2)).
-19
Evaluate 0 + -13 + 340 + -341.
-14
What is -4 - (-2 + (8 - 12) + 12)?
-10
38 + -59 - (3 - 20)
-4
38 + -50 - (37 - 64)
15
(-42 - (-3 + -4)) + (-38 - -49)
-24
Calculate -8 - (-16 + -1 + 21).
-12
Evaluate 511 - 521 - (-27 + 1).
16
What is the value of -11 + 0 + 2 - -7?
-2
What is (24 - 27) + 14 - 31?
-20
What is 0 + 2 + 3 + 0 + 2 + -17?
-10
Evaluate -2 + 8 + (-6 - (-6 - -1 - 1)).
6
2 + (-6 + 6 - -5) + 2 + -1
8
6 - (13 - 4 - (7 - 2))
2
What is 41 + -26 - (-17 - 2)?
34
Evaluate 4 - 0 - (-8 - (-19 + 10)).
3
What is the value of 2 + 5 - (-18 + 4 + 3 - -18)?
0
Calculate -2 - (-4 + 5 + 6 + -12).
3
Evaluate (17 - (24 - 9)) + -5 - -38.
35
Evaluate -2 - -11 - (10 - (18 + 0)).
17
Calculate 20 + -37 + (18 - -4).
5
Evaluate -2 + 1 + -12 - (40 + (34 - 81)).
-6
Calculate 14 - (-4 + 15 + -12).
15
Calculate 12 + 1 - (73 - (127 + -31)).
36
What is the value of -12 - ((7 - (-17 + 22)) + -15)?
1
What is the value of 29 - (-31 + 57) - (-7 + (3 - 4))?
11
Evaluate (-7 - -1) + (-21 - 2 - (20 + -43)).
-6
What is -63 - -68 - (-1 - -17 - -3)?
-14
What is (5 + 2 - 42) + -25 + 39?
-21
Evaluate (1 - (14 - (-10 - -15))) + 22.
14
What is the value of 3 + 2 + 1 + 20 + -21?
5
What is the value of -798 + 773 + 26 + 0?
1
Evaluate 1 + -18 + -2 - (234 - 246).
-7
Calculate (1284 - 1272) + (-5 - -4) + -10 + 0.
1
14 + (-13 - (-1 + -3 + 13))
-8
What is the value of 23 - 23 - (10 + -23)?
13
Evaluate 32 + 6 + (-17 - -5).
26
What is the value of (-2 + 26 - (12 + (-18 - -8))) + -6?
16
(2 - 21) + -373 + 404
12
What is the value of -10 - (-21 + -2) - (4 - -20)?
-11
Evaluate (-2 - (10 + -4) - (-9 + 2)) + 4.
3
Calculate -14 + (-12 - -6) - -10 - -6.
-4
What is the value of (5 - -6) + 6 + 6 + -16?
7
Calculate -7 - (-7 + 7 - 6).
-1
-8 - (-4 + (9 - 16))
3
What is the value of 14 - 2 - (-4 + 9 + -19)?
26
Evaluate (-1 - (-14 + 7)) + -6 + 11.
11
1 + 0 + (-10 - -3) - (75 + -92)
11
(-14 - 0) + 13 - (17 - (0 + 1))
-17
What is (6 - (-14 + 17)) + (-19 - (0 + -2))?
-14
Calculate 0 - ((-2 - -13) + (13 - (8 + 8))).
-8
Evaluate -1 - -3 - (10 - (1 - -9)).
2
5 - ((-5 - -5) + -2 + 4)
3
Evaluate (2 - -3) + -43 + 27.
-11
What is -32 - -48 - ((-1 - -30) + 3)?
-16
Calculate (10 - (5 - (2 + -4))) + 3 - 10.
-4
What is 12 + 9 + (7 - 20 - -8)?
16
What is -15 - (6 - (0 + 1) - (-137 + 133))?
-24
-15 - (-8 + 7 - 29 - -1)
14
What is (1 + -14 - (-28 - 4)) + -2?
17
What is the value of -23 + -11 - (31 + -100)?
35
Evaluate 14 + -26 + 32 + -18.
2
What is the value of (-21 - -27) + 5 + 3 + -8 + -5?
1
What is (-41 - -51) + (2 - 18)?
-6
21 + (-45 - (3 - 26))
-1
What is the value of (-26 - -59 - 2) + -11?
20
1 + (-6 + -1 + -3 - -8)
-1
Calculate 0 + 4 - (525 + -484).
-37
-10 - (-17 + 12 + -6)
1
Calculate (3 + -1 - (8 + -3)) + -10 + -12.
-25
What is the value of 6 + (12 - 14) + -11?
-7
(-14 - (28 + -19)) + 38
15
What is 8 + 2 + -5 + 8 + 6?
19
What is 24 - (11 - (-8 + 0 + 12))?
17
What is (15 + -12 - 9) + (4 - 6) + 5?
-3
What is the value of 9 - (-1 + (3 - 14) - 6)?
27
What is 3 - (7 + -2 + 2 + 2) - -17?
11
What is the value of -1 + -9 - (5 + -16 + 7)?
-6
20 + ((-4 - -6) + -14 - -4)
12
-12 + -22 + (24 - 0)
-10
What is the value of (5 + -3 - 4) + (1 - (4 - 2))?
-3
Evaluate -7 + (12 + -8 + -2 - -6).
1
What is (12 - 1) + (23 - -9 - 44)?
-1
What is 3 + 2 - (-827 - -803)?
29
Evaluate (0 - -10 - (-94 - -100)) + (3 - -27).
34
What is 29 + 70 + -84 - (-2 - -1)?
16
Calculate 7 + (-13 - -1) - (1 + (4 - 6)).
-4
15 + -2 + (-13 - -1)
1
What is the value of (32 - 71) + 21 - (0 - 4)?
-14
What is the value of -10 + 37 + -15 - 16?
-4
Evaluate (-6 - -12 - 9) + 7 + 9.
13
Calculate -14 + -7 + 26 + -4.
1
Evaluate 1 + -1 + 1 + (-372 - -371).
0
Calculate -6 + (-4 - -7) - (-53 - -31).
19
What is 19 + (5 + -1 - 33)?
-10
What is the value of 2 + (-2 - -7) + 21 + -14?
14
What is 17 + (-20 - 37) - -14?
-26
What is the value of -4 + -12 + 4 + (-7 - -6)?
-13
Calculate 2 + (-8 - 2) - -6 - 2.
-4
11 + (-9 + -8 - -7)
1
Evaluate -5 + (4 - (-5 - (-1 + -3))) + -14.
-14
-22 + 0 + -3 + (43 - 43) - -11
-14
What is 9 + (-12 - 1 - -9) - 13?
-8
Evaluate 11 + ((19 - 15) + -4 + 11 - 10).
12
What is the value of 21 + 5 + (-7 - 10)?
9
What is the value of 963 + -960 + (-2 - (-2 - 0) - -14)?
17
Evaluate -28 + 31 + (1 - -12) - 7.
9
What is 0 + -14 - -8 - 7?
-13
What is the value of 3 - (5 + (-2 - -1 - (2 - 8)))?
-7
What is the value of 145 + -168 - (6 - 3 - 5)?
-21
What is the value of 1 + 4 + (85 - 86) + (10 - 2)?
12
What is the value of (-2 - -7) + 4 + -15 + 6 + -4?
-4
-23 - (-2 - (17 - 9))
-13
What is -7 + -6 + (8 + 4 - 21)?
-22
Evaluate -13 + -1 + -1 + (-16 - -25).
-6
What is 10 + (-19 - (-24 - -29))?
-14
Calculate -3 - -21 - (9 - (2 - 0)).
11
Calculate -2 + (11 - (0 - -4)) + -2.
3
Calculate (-2 + -39 - -67) + -24.
2
What is (-1 - (-22 - -40 - 20)) + (-2 - -2)?
1
What is -33 + 27 - ((-4 - 2) + 4 + -18)?
14
What is 10 + -8 + (39 - 29)?
12
What is the value of 2 + -8 + 0 + (8 - -32) + -36?
-2
0 + -1 + 11 - (308 + -310)
12
What is the value of 16 + (-4 + -6 + 8 - 0)?
14
What is the value of 6 - ((-2 - -11) + 15)?
-18
10 + -7 + -4 - (1 + -1 - -2)
-3
Evaluate (14 - (-11 - -26)) + -3 - -14.
10
0 - ((0 - 1) + -3 + 28 + -24)
0
Evaluate 21 + -25 + -15 + 2 + -1.
-18
(-65 - -100) + -1 + -8 + 0 + -5
21
Calculate 26 + (-10 - (10 + -19 - 0)).
25
Evaluate (-6 - (-15 - -6)) + 0 + -1 + 6.
8
Evaluate 24 - (1 + -9 + 15 - -12).
5
What is (-4 - -6 - 3) + 5 + 1 + -16?
-11
What is the value of (-11 - (-8 + 5)) + (1 - -4)?
-3
What is (26 - 8) + (0 + 3 - -4 - 3)?
22
Evaluate ((-4 - -13) + -5 - (-4 + 5)) + -3.
0
What is the value of 9 + -5 + -8 - -22 - 1?
17
What is -53 - (-14 + -1) - ((-10 - 0) + 3)?
-31
-4 + (9 - 6) + -3
-4
Evaluate -2 + 12 + (11 - (-1 + 18)).
4
Calculate 15 - (-7 + (-9 - -50)).
-19
What is the value of -3 - -1 - (9 + (-6 - -7) + -13)?
1
Evaluate -1 + -14 - (-134 - (-114 + 29)).
34
What is the value of -16 - (5 + (-53 - -20))?
12
-44 - -25 - (-10 - -4)
-13
-20 + (-4 - -11) + 19 + -13 + -1
-8
What is the value of -51 + 47 - (14 - (2 + 3))?
-13
0 + -6 - (-7 + -9 + (-2 - -6))
6
Calculate (-4 + 6 - (-4 - -9)) + 9.
6
Calculate 35 + -4 + -44 - -20.
7
Evaluate -6 - (-4 + -4 - (10 - 7)).
5
Calculate -21 - (-6 - (-1 + -15)) - -10.
-21
Calculate 9 + 3 - (0 + (15 - -1)).
-4
What is the value of (1 - -12) + -6 + (6 - 0)?
13
What is 1 + -2 + -17 - ((-7 - -20) + -7)?
-24
Evaluate (163 - 161) + (1 + -4 - (3 + -5)).
1
What is the value of -1 - -6 - ((22 - 13) + -13)?
9
What is the value 